- 135*i + 130*i - 15. What is b(-6)?
51
Let j(g) = -4*g**2 - g**3 - 12 + 2*g**3 + 10*g - 5*g**2. Suppose 85*u - 75*u - 40 = 0. Suppose f = 3*r + 11, -u*f + 2*r = -7*f + 22. Calculate j(f).
4
Let g(m) = 23*m**2 + 22*m**2 + 0*m + 5*m - 44*m**2. Suppose -5*f - u - 33 = 0, -11*f + 33 = -14*f - 5*u. Determine g(f).
6
Let i(v) = -28*v + 138. Suppose -5*f - 6 = -z - 38, 5*f - 11 = -2*z. Calculate i(f).
-2
Let r(k) = -k**3 + 9*k**2 - 5. Let m be r(9). Suppose -5*j = -3*j - 4. Let l(o) = -6*o**j - 8*o - 4*o - o**3 + 6*o. Determine l(m).
5
Suppose 4*v + 20 = 0, -23 = 3*d - 643*v + 638*v. Let p(w) = w**3 + 17*w**2 + 17*w - 14. What is p(d)?
-30
Let s(w) = -3*w - 83. Let y(d) = 8*d + 171. Let n(j) = -5*s(j) - 2*y(j). What is n(6)?
67
Let b be (18/(-8))/(21/(-224)). Let d(l) = 3 - b*l - 1 + 48*l. What is d(2)?
50
Let v(g) = -g**2 + 3*g - 2. Let b be ((-1)/(-2))/(18/36)*2. Let j(o) = 1 - 2 + 2 - 2 + 2*o. Let z(w) = b*v(w) - 3*j(w). Determine z(-2).
-9
Let t(x) be the third derivative of x**6/120 - x**5/6 - 19*x**4/24 - 4*x**3 - 3*x**2 - x + 98. Calculate t(12).
36
Let h(j) = 4*j**2 - 3*j + 7. Let r be ((-12)/3 + -4)*(-1)/2. What is h(r)?
59
Let p(h) = -2*h - 20. Suppose 4*w = -39*z + 42*z + 60, -4*w - 5*z + 60 = 0. Give p(w).
-50
Let o(s) be the first derivative of -s**3/3 + s**2/2 + 5*s - 713. What is o(0)?
5
Let b(u) be the second derivative of -u**4/6 - u**3/6 - 27*u**2 - 2532*u. Calculate b(0).
-54
Let z be 3/(-21 + 20 - (-20)/17). Let s be (0 + 0)/(-8 - (-119)/z). Let v(o) = o**2 - 1 + 0*o**2 + o - o**3 + 20. Give v(s).
19
Let j = 881 - 871. Let n(c) be the second derivative of -c**5/20 + 11*c**4/12 - 3*c**3/2 - 6*c**2 + 16*c. Give n(j).
-2
Let m be (-4)/7 - (2*19/14)/(-3). Let o(f) be the third derivative of 0*f - 14*f**2 - 1/6*f**4 + 0 - 1/12*f**5 - m*f**3 - 1/120*f**6. Calculate o(-3).
-8
Let p(s) = -8*s + 3. Let h be p(-4). Let w be 5/h + (-1)/7. Let o(i) = -i**2 + i**3 - 19*i - 8422 + 8414 + 20*i. Determine o(w).
-8
Let l be (-6)/(-27) + 2/(-18)*-1303. Suppose 207 + l = -8*b. Let t = b + 45. Let x(h) = 10*h**3 - h**2 + h. Calculate x(t).
10
Let u be (-2)/((20/50)/(9/(-5))). Suppose 0 = -u*x + x + 16. Let v(h) be the first derivative of h**2/2 - 6. Calculate v(x).
2
Let o(u) = -15*u - 644. Let j(r) = 10*r + 429. Let m(p) = -7*j(p) - 5*o(p). Determine m(-39).
22
Let b(k) = -15*k + 27 + 2 + 36680*k**2 - 36679*k**2. Calculate b(14).
15
Let o be (((-30)/(-16))/((-3)/(-4)))/((-190)/(-456)). Let i(a) = -a**2 + 3*a - 25. What is i(o)?
-43
Suppose 2*i - 6 = 4*b, -3*b = i - 6*i + 8. Let o(s) = -2*s**2 + 16*s. Let x be o(1). Let u(j) = 13 - 8*j + 2*j - x + 0*j. What is u(i)?
-7
Suppose 30 = 4*o + 3*b + 4, 5*b = -o + 15. Let p = -13 - -19. Let y(f) = -p - 7*f + o*f + f. What is y(-3)?
-3
Let r(p) = -15*p - 26 + 31 + 7*p. Let i(a) = -a. Let s(h) = -6*i(h) + r(h). Give s(9).
-13
Let z(y) be the third derivative of y**4/8 + y**3/6 + 12*y**2 - 9. Give z(-2).
-5
Let a(s) = -188255 + 20*s + 188211 - 34*s. Give a(-13).
138
Let a(g) = 235*g + 161. Let s(q) = 88*q + 54. Let u(c) = -3*a(c) + 8*s(c). Determine u(-28).
-23
Let s(x) = -x**2 + 7*x. Suppose 0 = 5*m - q - 336, 2*m - 4*q = -2*m + 256. Let o = m + -117. Let r = o + 55. What is s(r)?
6
Let p(f) be the second derivative of f**5/5 - f**4/6 - f**3/2 - f**2/2 - 328*f. Give p(3).
80
Let h(i) = i**2 - 3*i - 7. Let k(v) = v**2 - 25*v - 4. Let n be k(26). Let t(x) = -26*x + 42*x + x**2 - 28*x - n. Let o be t(14). Calculate h(o).
11
Let c(p) = p**3 - 4*p**2 - 6*p + 7. Let u be c(-2). Let b(l) = -l**2 + 6. Determine b(u).
-19
Let l(f) = 23*f + 33. Let g(u) = 2*u + 2. Let x(j) = 10*g(j) - l(j). Calculate x(-5).
2
Let y(c) = -2*c**2 + 47*c + 2. Let g(f) = 68*f - 2016. Let j be g(30). What is y(j)?
-22
Let q(f) = -f**2 + 26*f - 70. Let i be -69*(20/30 - 1). What is q(i)?
-1
Let x = 266 - 265. Let b be (10*18/(-75))/(x/5). Let c(g) = -g**2 - 11*g + 16. Calculate c(b).
4
Let i(p) = -1059*p**2 - 1059*p**2 + 8 + 2115*p**2 + 24 + 11*p. Calculate i(6).
-10
Suppose -3*x + 11 = s, 3*x - 14 - 1 = -3*s. Let k(m) = 24*m - 15. Let p(f) = 13*f - 8. Let w(g) = 5*k(g) - 9*p(g). Calculate w(x).
6
Let j = 39632 - 39623. Let f(n) be the first derivative of n**4/4 - 3*n**3 + n**2 + n - 1. Calculate f(j).
19
Suppose 0*o - 4*o - 312 = -5*f, -3*o + 326 = 5*f. Suppose 5*s - 39 = -f. Let c(j) = j**2 + 5*j - 2. Determine c(s).
-2
Suppose b + 22 = -5*k, 4*k = 3*b + b - 32. Let u(t) = 3*t**2 + 8 + 2*t**2 + 0*t**2 + 181*t**3 - 182*t**b + 6*t. What is u(6)?
8
Let q(p) = -p + 16. Let l(k) = -7*k + 100. Let j(a) = -l(a) + 6*q(a). What is j(-5)?
-9
Let z(r) be the third derivative of -1/2*r**3 - 4*r**2 + 0*r + 1/8*r**4 - 8. Give z(-1).
-6
Suppose -17*d + 41*d - 216 = 0. Let w(p) = -p**3 + 8*p**2 + 12*p - 5. What is w(d)?
22
Let l be (30/45)/(3/45). Suppose 0 = 3*n + 9, -4*s + 12*n + 26 = l*n. Let o(b) = -b**3 + 3*b**2 + 5*b + 1. Calculate o(s).
-24
Let w(i) be the first derivative of i**4/12 - i**3/3 - 3*i**2/2 + 6*i - 17. Let y(j) be the second derivative of w(j). What is y(5)?
8
Let g(l) = 7*l**2 - 2*l - 1. Let h(m) = 12*m - 10. Let z be h(1). Suppose 3*s + 4 = -z*o + o, 3*o = 3*s. Give g(o).
8
Let o(a) = a - 4. Suppose -22 = -31*m + 30*m. Suppose 0 = -5*p, p = -g - 3*p + m. Suppose -5*d = 3*b - 35, 2*b - 6 - g = -4*d. What is o(d)?
3
Let a(d) = 19*d + 9. Let s(j) = 9*j - 2. Let u(l) = a(l) - 3*s(l). Determine u(9).
-57
Let y(i) be the third derivative of 0*i - 3*i**2 + 15 + 1/120*i**6 - 1/10*i**5 - 1/6*i**3 + 1/24*i**4. Give y(6).
5
Let u(x) be the first derivative of x**5/20 - 5*x**4/6 + 11*x**2/2 - 29*x - 4. Let b(o) be the first derivative of u(o). Determine b(10).
11
Suppose -3*r - 12 = -5*j, -4*r + 6 = j - r. Let g(m) = 1 - 17*m + 53*m**3 - 57*m**j + 15*m. What is g(1)?
-5
Let b = 1038 + -1023. Let v(h) = h**3 - 13*h**2 - 32*h + 24. What is v(b)?
-6
Let k = 240 + -237. Suppose 2*y - w - 1 = 1, -2*y + k*w = -10. Let p(m) = -8*m**3 + m**2 - 1. Give p(y).
8
Let l(t) = 9*t + 50. Let j be l(-3). Let h(x) = -2*x**2 + 45*x + 16. Let o be h(j). Let z(k) = -k**3 - 7*k**2 - k - 14. Calculate z(o).
-7
Let s(n) be the second derivative of -n**5/20 - 25*n**4/12 + 13*n**3/3 + n**2 + 2407*n. Determine s(-26).
2
Suppose 4*y = -13 - 19. Let i be (9 + y)/(2/74). Suppose -33*l + i*l - 20 = 0. Let a(s) = s**2 - 5*s + 6. Determine a(l).
6
Let j(v) = -25*v**2 - 18 - 36*v**2 + 0*v + 0*v + v + 62*v**2. Let z be j(3). Let b(h) be the first derivative of -h**3/3 - h**2 + 3*h + 1. Determine b(z).
-21
Let a(i) = -87 - i**2 + 187 + 8*i - 113. Let r(c) = 6*c + 78. Let x be r(-12). What is a(x)?
-1
Let t(a) = -2*a**3 + 78*a**2 - 10*a + 393. Let k be t(39). Let m(w) = 14*w**2 - 4*w + 1. Calculate m(k).
115
Let d be (16240/(-7308))/((2/4)/(9/(-4))). Let t(o) = 68*o - 685. Calculate t(d).
-5
Let t(b) = 359*b + 72. Let n(r) = 56*r + 12. Let l(m) = 13*n(m) - 2*t(m). What is l(-8)?
-68
Let r(t) be the first derivative of t**2/2 - 7*t + 18. Let k(f) = f**2 + 4*f - 11. Let h = -48 - -41. Let x be k(h). Determine r(x).
3
Let c = -3 - 1. Suppose -12*a + 7 = -5. Let y(z) = 3 - a + 18*z**2 + 5*z - 17*z**2 - 4. Calculate y(c).
-6
Let r(d) = -35*d - 71*d - 81*d + 179*d + 321. What is r(40)?
1
Let p(m) = m**3 - m**2 - 19*m + 3. Let y be p(5). Let k(w) = -7*w - 5*w + 3 + w**2 - 6*w + 10*w. Give k(y).
3
Let o = -28 + 26. Let a(f) = 8*f - 14. Let r(s) = -2*s + 3. Let i(k) = -4*a(k) - 18*r(k). What is i(o)?
-6
Suppose -2*o + o = 5, 4*j - 3*o - 15 = 0. Let w(k) be the third derivative of 1/12*k**4 - 1/6*k**3 + 0*k + j - 22*k**2. Determine w(-1).
-3
Let z be (1812/(-48))/((-4)/32*2). Suppose z*q = 153*q + 14. Let f(k) = 2*k + 12. What is f(q)?
-2
Let r(i) = -i**2 - 5*i + 4. Let h be r(-6). Let j(c) = -3*c**2 - 3*c - 1. Let f be j(h). Let s(w) = -96 - 90 + w - 94 + 294. Give s(f).
7
Suppose -i = 2*k - 11, -3*k - 3 = -6*i + i. Let t(b) = -4 - 3*b + 2*b + 12 - 6*b**2 + b**i - 5*b**2. Let w be (-198)/45*45/(-18). Give t(w).
-3
Let m(d) = d**3 - 2*d**2 - 5*d + 2. Suppose -8 = 16*i - 168. Let u be 4/i - (-8 - 135/(-25)). Determine m(u).
-4
Let y = 1660 + -1653. Let q(f) = -f**2 + 2*f - 1. Calculate q(y).
-36
Let y(u) = 4*u**3 - 2*u**2 + 8*u - 5. Let i be y(1). Let s(a) = a**2 - 15*a + 48. What is s(i)?
-2
Suppose 0 = 29*a - 34*a + 4*k - 3522, -3*a - 2094 = 4*k. Let b = -704 - a. Let n(g) = 3*g + 7. 